6 + 9/3)?
2, 3, 17
Suppose -18*k = 13*k - 5425. Suppose -10*q + 3915 = k. List the prime factors of q.
2, 11, 17
Let w = -10075 - -11031. List the prime factors of w.
2, 239
Let f = -181 - -187. What are the prime factors of (-4)/(-2)*321/f?
107
Let v = 370 + 2101. List the prime factors of v.
7, 353
What are the prime factors of 101880/((-6)/(-2)) + (2 - (-34)/(-17))?
2, 3, 5, 283
Let q = 1979 - -572. List the prime factors of q.
2551
Let g be -1 - (0 - (-12)/(-2)). Suppose 0 = -4*x - 3*o + 1384, -2*x + 5*x - 1038 = g*o. List the prime factors of x.
2, 173
Suppose 3*j - 1 + 79 = 0. Let u = 196 + j. Let y = -91 + u. List the prime factors of y.
79
Let r(j) = 10*j**2 + 34*j - 24. Let t be r(12). Let c = t + -1264. What are the prime factors of c?
2, 5, 7
Let q be (42/(-63))/(2/(-12)). Suppose 8*g - q*g = 60. What are the prime factors of -92*(g/20)/(-1)?
3, 23
Suppose 4*n + 5*j - 120128 = 0, 169*j = 172*j. List the prime factors of n.
2, 1877
Let p(m) = 6*m**2 + m + 2. Let a(j) = -j**3 + 7*j**2 - 4*j - 6. Let c be a(6). What are the prime factors of p(c)?
2, 7
Let l(g) = -g - 6. Let i be l(-10). Let b(d) = 28 + i*d - 17*d - 6*d - d**2. What are the prime factors of b(-20)?
2
Let t(u) = 5*u**2 - 999. What are the prime factors of t(-49)?
2, 5503
Let y(o) = -o**3 + 4*o**2 + 12*o - 31. Let z = 70 - 65. Let g be y(z). Suppose -3*f = 2*f - 5*w - 595, 4*f = -g*w + 476. What are the prime factors of f?
7, 17
Suppose -13*w - 30 = 451. Let u = w + 35. What are the prime factors of 560/105*(-2 - 7/u)?
2
Let a(t) = 8*t**2 - 63*t - 47. List the prime factors of a(45).
2, 6659
Let u be -221 + (-18)/2 + (26 - 21). Let i = -133 - u. List the prime factors of i.
2, 23
List the prime factors of -185 + 186 + ((-4)/10 - 118977/(-5)).
2, 3, 661
Suppose -377*v + 2789 = -376*v. List the prime factors of v.
2789
Let i(w) = -2*w**3 + 25*w**2 + 13*w. Let x be i(13). Suppose -7*s + 4052 - 1063 = x. What are the prime factors of s?
7, 61
Let v(n) = -n**3 + 6*n**2 - n - 11. Let z be ((-3)/2 - 0)*(-20)/6. Let u be v(z). Suppose 2*x = u*x - 280. What are the prime factors of x?
2, 5
Suppose -4*w + 3 = -b, 2*b - 3*w - 8 = -2*w. Suppose 4*j + 1333 = 3*x, -j = -0*j - b. What are the prime factors of x?
11, 41
Let q(t) = t**2 + 7*t - 9. Let d be q(-6). Let h = d + 21. Suppose 9*z - 129 = h*z. What are the prime factors of z?
43
Suppose 4*z + 60*d = 59*d + 25401, -2*z + 12703 = 3*d. List the prime factors of z.
2, 5, 127
List the prime factors of (-33)/44 - (-50835)/4.
2, 3, 353
Let q = -1231 + 2563. Let f = -719 + q. What are the prime factors of f?
613
Let f be 761271/69 + (-4)/(-368)*8. Suppose -23*l = -34*l + f. What are the prime factors of l?
17, 59
Let m(c) = c**3 + 7*c**2 + 23*c + 24. Let w be m(-8). Let y = w - -326. What are the prime factors of y?
2, 3, 17
Suppose -w + p - 1 = -6, 5*w = 2*p + 31. Suppose n = -3*u + 652, -4*u - w*n + 9*n = -856. What are the prime factors of u?
2, 3
Suppose -20 = 5*y, -5*h + 4292 = 6*y - 4*y. List the prime factors of h/((0 + 6)/3).
2, 5, 43
Let r = 1870 - 1310. Suppose 4*n = 5*g - r, -5*g - 5*n + 177 + 383 = 0. Suppose 5*b = 2*p - g, -b + 82 = 3*p - 103. What are the prime factors of p?
61
Suppose -z + 94460 = 5*y, -78*z = 5*y - 80*z - 94460. List the prime factors of y.
2, 4723
Suppose 3 = 9*l + 21. List the prime factors of l/(-5) + (-36512)/(-70).
2, 3, 29
Suppose 0 = -g + 3*i + 76, -2*g - i + 56 = -g. Let x(k) = 5*k - g - 52 + 100. What are the prime factors of x(8)?
3
Suppose -k = -6, 111396 = 4*f - 322*k + 326*k. List the prime factors of f.
3, 9281
What are the prime factors of (-2 + 538*(2 + -6))*(-104)/39?
2, 359
Suppose 5*k + 4*o - 3*o = 98289, -5*k = 6*o - 98284. List the prime factors of k.
2, 9829
Let h = 120 - 815. Let l = h + 469. Let d = l + 396. List the prime factors of d.
2, 5, 17
Let o = 8 + -12. Suppose 0*t = -0*t - 2*t. What are the prime factors of t - -1 - (-50 - o)?
47
Let b(w) be the second derivative of w**5/20 - 11*w**4/12 - 5*w**3/6 - 11*w**2/2 - 34*w. Let g be b(12). List the prime factors of (1 - g)*((-56)/(-3))/(-7).
2, 3
What are the prime factors of (-26191)/(-4) + -12 + 5/4?
3, 2179
Let t be ((-78)/(-4) + -2)*(-34)/(-17). Suppose 4*d + d = t. Suppose -784 = -0*k - d*k. What are the prime factors of k?
2, 7
Let c = -44786 - -87135. List the prime factors of c.
42349
Let a(r) = r**3 - 54*r**2 - 59*r - 72. List the prime factors of a(60).
2, 3, 1499
Suppose -3*p + y = -18, -3*p + 18 = -0*y - 5*y. Suppose 3*u - p*u = -1278. Suppose 0*m = -3*m + 3*l + u, 5*l - 10 = 0. List the prime factors of m.
2, 3
Let k(y) = -36*y + 22. Let m be k(5). Let i = m - -329. What are the prime factors of i?
3, 19
List the prime factors of ((-168)/16 - -13)*(-6)/5 - -29435.
2, 13, 283
Let k(g) = 4*g - 8 - 99*g**2 + 100*g**2 + 6*g - 3*g. Let o(u) = -5*u**2 - 34*u + 40. Let z(l) = -11*k(l) - 2*o(l). What are the prime factors of z(-8)?
2
Suppose -r + 0 = 3, l = r + 92. Let c(n) = -19*n - 245. Let f be c(-14). Let z = l - f. List the prime factors of z.
2, 17
Suppose -11*r + 49308 + 66326 + 69793 = 0. List the prime factors of r.
3, 1873
Let x(o) = 24*o + 97. Let f be x(-4). What are the prime factors of 633 - 24 - -3*f?
2, 3, 17
Let i = -2132 - -13138. List the prime factors of i.
2, 5503
List the prime factors of 231/35 + -6 + (-105748)/(-20).
2, 661
Suppose 0 = k - 2*d - 11017, -2*k + 22038 = 4*d - 7*d. What are the prime factors of k?
3, 5, 7
Let x be ((-112)/24)/(-1 - (-646)/642). Let s = x + 1475. What are the prime factors of s?
2, 3, 11
Let n = -199 + 520. Let y = 851 + n. What are the prime factors of y?
2, 293
Let m(h) = -19*h**2 - h - 16. Let i(p) = -97*p**2 - 5*p - 79. Let j(t) = 2*i(t) - 11*m(t). What are the prime factors of j(4)?
2, 131
Let p(z) = 1109*z + 34. List the prime factors of p(39).
5, 11, 787
Let x(u) = -13*u**2 + 1 + 9 + 0*u**3 + 0*u**2 - 20*u - u**3. Let v = -375 - -363. List the prime factors of x(v).
2, 53
Suppose -2*a = -3*k + 4, a + a + 4 = -k. Suppose k = -18*o + 16*o + 764. List the prime factors of o.
2, 191
Let z = 720 - -13044. List the prime factors of z.
2, 3, 31, 37
Suppose 3*t = -2*t + 25. Let i(p) = -9 + 9 - 13 + t*p - 8*p + p**2. List the prime factors of i(-13).
3, 5, 13
Let m(r) = -8*r + 7*r - 1440 - 16*r + 1405. List the prime factors of m(-4).
3, 11
Let x = 45628 + -27726. List the prime factors of x.
2, 8951
Let b be 142/6 + (-1)/(-3). Let n = 17 - b. Let o(m) = m**3 + 11*m**2 + 11*m + 9. What are the prime factors of o(n)?
2
Suppose 12*g - 18 = 14*g. Let o be (17 - g)/(-1 - 6/(-5)). Let d = -88 + o. List the prime factors of d.
2, 3, 7
Let j = 360 - 188. Suppose 175*a - 5175 = j*a. List the prime factors of a.
3, 5, 23
Suppose -4*t + 6 = -4*a - 2, 5*a + 4 = 2*t. Suppose -3556 = -210*o + 196*o. Suppose -4*w - t*h = -o, -3*w - h = -4*h - 168. List the prime factors of w.
61
Suppose -4*p - 2*q + 13086 = -4*q, 5*p + q - 16347 = 0. Suppose -22*h + p = -16*h. What are the prime factors of h?
5, 109
Let g(a) = -15*a + 36. Let n be 2 + (-130)/6 - 3/9. List the prime factors of g(n).
2, 3, 7
Suppose 0 = 25*k - 4*k - 168. Suppose k*p - 1534 = -5*p. List the prime factors of p.
2, 59
Suppose 18*l - 28 = -10. List the prime factors of (-6*8/l)/(40/(-100)).
2, 3, 5
Suppose 3*j + 98 - 98 = 0. Let r(b) = -b**3 + b**2 + b + 34. What are the prime factors of r(j)?
2, 17
Let d = 5846 + -1664. What are the prime factors of d?
2, 3, 17, 41
Let l = 13525 + -7915. Suppose -l = -25*h - 5*h. What are the prime factors of h?
11, 17
Suppose 3*b - 2*j = 2, -6*b + 3*b - 5*j - 5 = 0. Let a = 55 - b. List the prime factors of (-1003)/(-11) + (-10)/a.
7, 13
Suppose 0*h + v = -5*h + 28409, -5*h + 3*v = -28413. Suppose 9*z + 1371 - h = 0. What are the prime factors of z?
479
Let a = 15325 + -10307. What are the prime factors of a?
2, 13, 193
Let t(x) = -5*x**3 + 4*x**2 + 3*x - 1. Let j be t(-1). Suppose 2*p - p - j*a - 149 = 0, 3*p = 2*a + 408. What are the prime factors of p?
2, 67
Let c(k) = -8*k + 39*k - 38*k - 121*k. Suppose -5*a = b - 8*a + 10, -21 = 6*b - 5*a. What are the prime factors of c(b)?
2
Suppose -2*d + 2*z + 24 = 7*z, 2*z - 39 = -5*d. Suppose -2*t + 8721 = d*t. What are the prime factors of t?
3, 17, 19
List the prime factors of ((-104340)/(-666))/((-2)/(-630)).
2, 3, 5, 7, 47
Let z be (2/(-